 factor of 371824 and 272?
272
Calculate the highest common divisor of 27261 and 1404.
117
What is the highest common factor of 351 and 13923?
117
Calculate the highest common divisor of 13033444 and 808.
404
Calculate the highest common factor of 403752 and 6.
6
What is the highest common factor of 19695 and 10205?
65
What is the highest common divisor of 12 and 107517?
3
Calculate the greatest common factor of 204815 and 92.
23
What is the greatest common divisor of 22525 and 184175?
1325
What is the highest common divisor of 266 and 4499922?
266
Calculate the greatest common divisor of 372 and 241056.
372
Calculate the greatest common factor of 344 and 4968.
8
Calculate the greatest common divisor of 8359 and 481.
13
What is the greatest common factor of 609 and 3857?
203
What is the greatest common divisor of 43955 and 9145?
295
What is the highest common factor of 1406 and 45334?
38
Calculate the highest common divisor of 343 and 8869.
49
What is the greatest common factor of 57 and 169119?
57
What is the greatest common divisor of 3864 and 2814?
42
What is the highest common factor of 17768 and 488?
8
Calculate the greatest common divisor of 417 and 238246.
139
What is the greatest common divisor of 29 and 143521?
29
Calculate the highest common divisor of 6993 and 5733.
63
What is the highest common factor of 25 and 298325?
25
What is the highest common factor of 4 and 421920?
4
What is the greatest common divisor of 3429 and 1034796?
381
What is the highest common factor of 162 and 650106?
162
What is the highest common factor of 19046 and 214?
214
Calculate the highest common factor of 230 and 8602.
46
Calculate the greatest common divisor of 249 and 6889.
83
What is the highest common factor of 6875 and 1595?
55
What is the greatest common factor of 50783 and 344?
43
Calculate the highest common factor of 108 and 5185116.
36
What is the greatest common factor of 665 and 49?
7
What is the greatest common divisor of 115 and 286075?
5
What is the greatest common divisor of 16320 and 195?
15
What is the highest common factor of 41264 and 176?
16
Calculate the highest common factor of 2 and 3303.
1
What is the highest common factor of 902835 and 60?
15
What is the highest common divisor of 195 and 30498?
39
What is the highest common divisor of 120 and 22710?
30
What is the highest common divisor of 14 and 308846?
2
Calculate the greatest common divisor of 1509298 and 294.
98
Calculate the greatest common factor of 2200 and 9020.
220
Calculate the greatest common divisor of 8 and 31800.
8
What is the highest common divisor of 750 and 51150?
150
What is the greatest common divisor of 203508 and 72?
36
What is the greatest common factor of 1577284 and 3012?
1004
What is the greatest common divisor of 69 and 28313?
23
What is the highest common factor of 124 and 844068?
124
What is the highest common divisor of 915 and 243?
3
What is the highest common factor of 833118 and 143?
143
What is the highest common factor of 266 and 6574?
38
Calculate the highest common factor of 1568 and 4508.
196
What is the greatest common divisor of 1817 and 1975?
79
What is the greatest common factor of 33 and 56694?
33
What is the greatest common factor of 1288 and 104167?
161
Calculate the highest common factor of 826 and 11387.
59
What is the highest common factor of 91624 and 312?
104
Calculate the highest common factor of 285 and 31749.
57
Calculate the highest common divisor of 655536 and 336.
336
What is the highest common factor of 1377 and 81396?
153
What is the highest common factor of 544885 and 110?
55
What is the highest common factor of 207138 and 3?
3
What is the highest common divisor of 141398 and 38?
38
What is the greatest common factor of 7459 and 1?
1
Calculate the highest common factor of 247817 and 1387.
19
What is the greatest common factor of 55420 and 2608?
652
What is the greatest common factor of 232369 and 23?
23
What is the greatest common divisor of 8 and 435208?
8
Calculate the highest common factor of 10200 and 3200.
200
Calculate the greatest common divisor of 46194 and 13.
1
What is the greatest common divisor of 2813 and 232?
29
What is the highest common divisor of 87168 and 36?
12
Calculate the highest common factor of 144 and 37424.
16
Calculate the greatest common factor of 282560 and 64.
64
Calculate the greatest common divisor of 5993 and 2613.
13
What is the highest common factor of 236 and 5841?
59
What is the greatest common factor of 10858 and 112789?
61
Calculate the greatest common divisor of 181513 and 1.
1
What is the highest common divisor of 4676 and 371408?
668
Calculate the highest common divisor of 87 and 15892.
29
Calculate the greatest common factor of 30 and 268575.
15
Calculate the greatest common factor of 5472 and 822168.
1368
Calculate the greatest common divisor of 684733 and 1288.
161
Calculate the greatest common divisor of 410 and 447310.
410
What is the highest common factor of 11490 and 150?
30
Calculate the greatest common divisor of 2130 and 6240.
30
Calculate the highest common divisor of 155984 and 16.
16
What is the highest common factor of 84322 and 18088?
266
Calculate the greatest common divisor of 54 and 32139.
9
Calculate the highest common factor of 12050 and 130.
10
Calculate the highest common divisor of 31806 and 2907.
171
Calculate the greatest common divisor of 21 and 8603931.
21
Calculate the highest common divisor of 44304 and 112.
16
What is the greatest common divisor of 432 and 503604?
108
What is the greatest common factor of 12 and 24770?
2
Calculate the greatest common factor of 1089 and 249.
3
Calculate the greatest common factor of 185 and 6549.
37
What is the greatest common divisor of 15939 and 568953?
693
What is the greatest common divisor of 56728 and 6328?
56
What is the greatest common factor of 96142 and 121538?
1814
Calculate the greatest common factor of 1550 and 1426.
62
What is the greatest common factor of 11 and 5405939?
11
Calculate the highest common factor of 2061 and 180.
9
What is the highest common divisor of 12192 and 8160?
96
Calculate the greatest common factor of 153 and 2065347.
153
Calculate the greatest common divisor of 1512 and 259812.
252
Calculate the highest common factor of 232339 and 323.
17
Calculate the greatest common divisor of 76806 and 7650.
306
Calculate the highest common factor of 22 and 131659.
11
What is the greatest common factor of 30 and 68370?
30
What is the highest common divisor of 993 and 267448?
331
What is the greatest common factor of 133 and 9481?
19
Calculate the highest common factor of 792 and 14696.
88
What is the greatest common factor of 2268 and 4228?
28
What is the greatest common divisor of 78260 and 3250?
130
Calculate the greatest common factor of 352 and 15532.
44
Calculate the greatest common factor of 1805 and 335369.
361
Calculate the highest common divisor of 5920284 and 204.
204
Calculate the highest common factor of 12317 and 763.
109
Calculate the greatest common divisor of 3 and 589137.
3
Calculate the greatest common divisor of 3886 and 1206.
134
What is the greatest common divisor of 19780 and 1104?
92
What is the highest common divisor of 68 and 63716?
68
What is the highest common factor of 41818 and 3502?
206
What is the greatest common factor of 121432 and 7568?
344
Calculate the greatest common divisor of 59 and 82.
1
What is the greatest common divisor of 241565 and 10?
5
What is the highest common factor of 71163 and 15?
3
Calculate the highest common divisor of 288 and 498528.
288
Calculate the highest common factor of 6426 and 742.
14
Calculate the greatest common factor of 1479 and 61625.
493
Calculate the highest common factor of 85792 and 476.
28
Calculate the greatest common factor of 9436 and 56.
28
Calculate the highest common divisor of 42780 and 207000.
1380
What is the highest common factor of 1128 and 3084?
12
What is the greatest common factor of 1024 and 562?
2
Calculate the highest common factor of 3597513 and 219.
219
What is the highest common factor of 219 and 226373?
73
What is the highest common factor of 729 and 2511?
81
What is the greatest common divisor of 1166 and 22949?
53
What is the highest common factor of 7496876 and 188?
188
What is the highest comm